3) to base 13.
0
Convert 0 (base 8) to base 3.
0
What is -1440 (base 6) in base 12?
-280
What is 1 (base 15) in base 4?
1
2 (base 4) to base 7
2
-30 (base 16) to base 4
-300
Convert -113 (base 8) to base 12.
-63
What is -111 (base 2) in base 12?
-7
What is -4 (base 7) in base 8?
-4
-10202 (base 3) to base 5
-401
-20 (base 6) to base 7
-15
What is -1202 (base 3) in base 6?
-115
What is 25 (base 7) in base 12?
17
Convert 0 (base 12) to base 10.
0
What is -7 (base 10) in base 15?
-7
-6 (base 10) to base 2
-110
Convert -1 (base 6) to base 10.
-1
-226 (base 8) to base 11
-127
22 (base 4) to base 13
a
What is 62 (base 8) in base 14?
38
Convert 8 (base 11) to base 7.
11
What is -3 (base 4) in base 12?
-3
Convert 18 (base 11) to base 3.
201
Convert 16 (base 7) to base 14.
d
Convert -1a (base 14) to base 8.
-30
Convert -103 (base 10) to base 5.
-403
What is -25 (base 9) in base 6?
-35
220 (base 5) to base 12
50
What is -120 (base 4) in base 6?
-40
What is 1100010 (base 2) in base 9?
118
Convert -2 (base 14) to base 6.
-2
-111 (base 3) to base 8
-15
-2 (base 7) to base 4
-2
-181 (base 9) to base 11
-130
Convert -3 (base 8) to base 10.
-3
Convert 33 (base 12) to base 14.
2b
34 (base 14) to base 15
31
What is -28 (base 13) in base 5?
-114
What is 363 (base 9) in base 12?
210
Convert -2 (base 4) to base 14.
-2
-4b (base 15) to base 14
-51
2 (base 5) to base 6
2
Convert -15 (base 15) to base 14.
-16
What is 13c (base 13) in base 9?
264
What is 3 (base 5) in base 4?
3
Convert -1 (base 11) to base 10.
-1
0 (base 16) to base 5
0
Convert c3 (base 15) to base 3.
20210
What is -10 (base 2) in base 12?
-2
-10100 (base 2) to base 11
-19
What is 250 (base 8) in base 6?
440
143 (base 7) to base 13
62
Convert -11 (base 3) to base 16.
-4
What is 1 (base 8) in base 14?
1
-1 (base 3) to base 10
-1
Convert -1 (base 13) to base 6.
-1
Convert c7 (base 13) to base 11.
139
-7 (base 13) to base 9
-7
4d (base 14) to base 5
234
What is -1 (base 11) in base 10?
-1
Convert 29 (base 14) to base 12.
31
What is -45 (base 10) in base 11?
-41
What is a (base 11) in base 15?
a
Convert 22 (base 4) to base 16.
a
1120 (base 4) to base 11
80
-6 (base 7) to base 9
-6
Convert -10 (base 5) to base 16.
-5
-5 (base 16) to base 2
-101
Convert 123 (base 4) to base 11.
25
What is -19 (base 14) in base 15?
-18
What is -4 (base 13) in base 10?
-4
What is -17 (base 14) in base 9?
-23
Convert 12 (base 5) to base 6.
11
What is -44 (base 13) in base 5?
-211
What is 4 (base 15) in base 6?
4
Convert -6b (base 13) to base 4.
-1121
Convert -66 (base 8) to base 3.
-2000
-1 (base 4) to base 2
-1
Convert 172 (base 9) to base 8.
222
What is 33 (base 4) in base 10?
15
-6 (base 16) to base 7
-6
221 (base 3) to base 11
23
-10 (base 6) to base 15
-6
What is 8e (base 16) in base 15?
97
-17 (base 9) to base 15
-11
-1001 (base 3) to base 2
-11100
What is -2 (base 4) in base 6?
-2
190 (base 16) to base 5
3100
Convert 4 (base 11) to base 7.
4
Convert 0 (base 10) to base 12.
0
What is 72 (base 8) in base 11?
53
-3 (base 8) to base 14
-3
2 (base 15) to base 10
2
What is 2 (base 6) in base 16?
2
110000 (base 2) to base 9
53
What is -221 (base 4) in base 10?
-41
19 (base 12) to base 7
30
What is -54 (base 6) in base 7?
-46
-81 (base 9) to base 4
-1021
Convert 6 (base 14) to base 15.
6
-122 (base 3) to base 16
-11
What is -40 (base 16) in base 2?
-1000000
102 (base 5) to base 10
27
What is -33 (base 9) in base 15?
-20
What is -1001 (base 3) in base 14?
-20
What is b (base 12) in base 11?
10
-5 (base 10) to base 14
-5
-4 (base 5) to base 3
-11
Convert 0 (base 10) to base 9.
0
11 (base 3) to base 5
4
Convert 1 (base 8) to base 15.
1
201 (base 5) to base 8
63
What is 51 (base 16) in base 14?
5b
What is -1 (base 9) in base 2?
-1
1 (base 4) to base 16
1
21 (base 7) to base 10
15
Convert -1a (base 15) to base 10.
-25
Convert -8 (base 9) to base 15.
-8
1c (base 13) to base 11
23
11 (base 2) to base 3
10
What is 13 (base 6) in base 9?
10
Convert -111 (base 2) to base 9.
-7
25 (base 12) to base 11
27
-83 (base 10) to base 16
-53
What is 1100 (base 3) in base 11?
33
What is 8 (base 12) in base 11?
8
Convert 128 (base 9) to base 10.
107
What is -40 (base 15) in base 14?
-44
What is 88 (base 15) in base 8?
200
What is 10101 (base 2) in base 16?
15
Convert 0 (base 7) to base 3.
0
What is 12 (base 6) in base 2?
1000
-13 (base 14) to base 13
-14
-37 (base 13) to base 6
-114
What is -6 (base 10) in base 9?
-6
-2 (base 10) to base 7
-2
What is 10 (base 5) in base 8?
5
Convert -25 (base 14) to base 6.
-53
Convert -31 (base 5) to base 15.
-11
What is -24 (base 7) in base 10?
-18
What is -21 (base 3) in base 12?
-7
What is 4 (base 6) in base 16?
4
What is -38 (base 13) in base 14?
-35
Convert -13 (base 12) to base 15.
-10
-49 (base 14) to base 6
-145
What is b2 (base 15) in base 3?
20012
Convert -27 (base 15) to base 8.
-45
What is 3 (base 15) in base 16?
3
What is -1023 (base 5) in base 10?
-138
Convert 24 (base 13) to base 4.
132
Convert 2 (base 10) to base 8.
2
Convert 24 (base 6) to base 16.
10
75 (base 9) to base 3
2112
What is 3 (base 4) in base 15?
3
What is 46 (base 12) in base 8?
66
What is 5 (base 10) in base 5?
10
Convert -3 (base 9) to base 13.
-3
-1b (base 16) to base 4
-123
Convert 22 (base 4) to base 13.
a
b7 (base 16) to base 13
111
0 (base 5) to base 12
0
What is 1011110 (base 2) in base 11?
86
Convert -17 (base 11) to base 5.
-33
What is 8 (base 12) in base 9?
8
-2 (base 10) to base 8
-2
Convert 1110 (base 2) to base 6.
22
What is -8 (base 9) in base 15?
-8
What is 41 (base 7) in base 15?
1e
4 (base 12) to base 14
4
1 (base 12) to base 8
1
Convert -312 (base 5) to base 4.
-1102
Convert -1 (base 5) to base 12.
-1
What is -2 (base 4) in base 3?
-2
What is 65 (base 8) in base 9?
58
What is 4 (base 7) in base 14?
4
Convert 220 (base 8) to base 5.
1034
Convert 420 (base 5) to base 2.
1101110
-33 (base 9) to base 7
-42
Convert 10110 (base 2) to base 13.
19
What is 99 (base 12) in base 2?
1110101
What is 3 (base 14) in base 8?
3
10101 (base 2) to base 12
19
What is -2 (base 14) in base 4?
-2
Convert -1 (base 2) to base 16.
-1
What is 1 (base 8) in base 3?
1
-1202 (base 4) to base 13
-77
Convert 1001 (base 2) to base 10.
9
-532 (base 8) to base 3
-110211
0 (base 4) to base 16
0
1 (base 16) to base 11
1
What is -335 (base 6) in base 11?
-10a
What is -26 (base 15) in base 2?
-100100
What is 11 (base 7) in base 13?
8
12 (base 8) to base 3
101
What is 1 (base 5) in base 4?
1
Convert -67 (base 14) to base 10.
-91
Convert 0 (base 5) to base 9.
0
What is 134 (base 5) in base 7?
62
What is -2 (base 6) in base 13?
-2
50 (base 13) to base 4
1001
44 (base 16) to base 14
4c
Convert -52 (base 9) to base 2.
-101111
-33 (base 14) to base 16
-2d
4 (base 13) to base 8
4
-203 (base 10) to base 8
-313
Convert 15 (base 15) to base 9.
22
Convert 6 (base 12) to base 3.
20
44 (base 13) to base 9
62
What is 1a (base 15) in base 14?
1b
Convert 5 (base 15) to base 9.
5
What is 115 (base 6) in base 12?
3b
What is -e (base 15) in base 3?
-112
Convert 61 (base 14) to base 16.
55
Convert -355 (base 6) to base 5.
-1033
Convert -15 (base 6) to base 2.
-1011
What is -47 (base 11) in base 14?
-39
-31 (base 6) to base 12
-17
4 (base 12) to base 11
4
-111 (base 2) to base 13
-7
What is 13 (base 9) in base 2?
1100
Convert 1230 (base 4) to base 11.
99
Convert 42 (base 11) to base 10.
46
1001 (base 2) to base 6
13
What is -112 (base 4) in base 5?
-42
What is 354 (base 7) in base 6?
510
Convert 22 (base 4) to base 9.
11
Convert 25 (base 13) to base 3.
1011
Convert -3 (base 16) to base 15.
-3
Convert 39 (base 11) to base 16.
2a
Convert -24 (base 10) to base 13.
-1b
Convert -36 (base 8) to base 13.
-24
91 (base 13) to base 4
1312
What is 100 (base 3) in base 8?
11
-44 (base 8) to base 5
-121
177 (base 9) to base 5
1101
Convert 5 (base 15) to base 10.
5
5b (base 13) to base 8
114
Convert 2 (base 15) to base 14.
2
-11 (base 10) to base 16
-b
-13 (base 6) to base 5
-14
7 (base 13) to base 14
7
-20 (base 9) to base 5
-33
Convert 17 (base 9) to base 15.
11
37 (base 10) to base 16
25
Convert 1011 (base 3) to base 14.
23
Convert 11000111 (base 2) to base 11.
171
What is 3 (base 6) in base 12?
3
What is -2aa (base 11) in base 10?
-362
What is -1 (base 8) in base 16?
-1
-56 (base 